51596?
9
What is the hundreds digit of 268924?
9
What is the ten thousands digit of 134878?
3
What is the millions digit of 5944907?
5
What is the units digit of 8895234?
4
What is the hundreds digit of 668447?
4
What is the hundreds digit of 602521?
5
What is the units digit of 29553169?
9
What is the hundred thousands digit of 152336?
1
What is the hundred thousands digit of 7870160?
8
What is the thousands digit of 898258?
8
What is the thousands digit of 488182?
8
What is the tens digit of 4019149?
4
What is the units digit of 7280814?
4
What is the hundreds digit of 110450?
4
What is the thousands digit of 250783?
0
What is the hundreds digit of 93184?
1
What is the ten millions digit of 19115493?
1
What is the hundreds digit of 16026681?
6
What is the thousands digit of 503600?
3
What is the units digit of 953508?
8
What is the hundred thousands digit of 12841618?
8
What is the ten thousands digit of 772945?
7
What is the millions digit of 1202120?
1
What is the ten thousands digit of 445329?
4
What is the hundreds digit of 12465595?
5
What is the ten thousands digit of 1590461?
9
What is the tens digit of 291335?
3
What is the thousands digit of 814172?
4
What is the hundred thousands digit of 2949265?
9
What is the tens digit of 4126076?
7
What is the tens digit of 347904?
0
What is the hundred thousands digit of 326880?
3
What is the ten thousands digit of 493318?
9
What is the units digit of 19706906?
6
What is the hundred thousands digit of 6349451?
3
What is the thousands digit of 831778?
1
What is the thousands digit of 94493?
4
What is the hundred thousands digit of 135294?
1
What is the thousands digit of 286823?
6
What is the millions digit of 8656115?
8
What is the ten thousands digit of 4847471?
4
What is the hundreds digit of 1438756?
7
What is the units digit of 177956?
6
What is the thousands digit of 64562?
4
What is the hundred thousands digit of 359572?
3
What is the thousands digit of 23148995?
8
What is the millions digit of 1473054?
1
What is the thousands digit of 741092?
1
What is the hundreds digit of 2692044?
0
What is the units digit of 12934790?
0
What is the tens digit of 170904?
0
What is the hundred thousands digit of 13227103?
2
What is the thousands digit of 294595?
4
What is the hundred thousands digit of 277925?
2
What is the ten thousands digit of 7193507?
9
What is the hundred thousands digit of 6338924?
3
What is the tens digit of 1912851?
5
What is the units digit of 387548?
8
What is the hundred thousands digit of 281985?
2
What is the hundreds digit of 412881?
8
What is the millions digit of 24781322?
4
What is the hundreds digit of 1200676?
6
What is the hundreds digit of 375520?
5
What is the thousands digit of 130444?
0
What is the hundreds digit of 314653?
6
What is the millions digit of 2626156?
2
What is the units digit of 1502859?
9
What is the hundreds digit of 176506?
5
What is the units digit of 35524484?
4
What is the thousands digit of 242010?
2
What is the hundreds digit of 26971302?
3
What is the hundreds digit of 93683?
6
What is the hundreds digit of 4718959?
9
What is the ten thousands digit of 46360?
4
What is the millions digit of 18886416?
8
What is the hundred thousands digit of 292854?
2
What is the hundreds digit of 900590?
5
What is the millions digit of 2406568?
2
What is the units digit of 5694889?
9
What is the units digit of 1427420?
0
What is the hundreds digit of 411139?
1
What is the thousands digit of 4407804?
7
What is the hundreds digit of 201720?
7
What is the hundred thousands digit of 2266541?
2
What is the ten thousands digit of 72080?
7
What is the millions digit of 19116781?
9
What is the millions digit of 2266437?
2
What is the tens digit of 2263024?
2
What is the millions digit of 2295937?
2
What is the thousands digit of 548209?
8
What is the ten thousands digit of 130545?
3
What is the ten thousands digit of 901496?
0
What is the hundreds digit of 4956357?
3
What is the tens digit of 202549?
4
What is the units digit of 38860?
0
What is the hundreds digit of 17178336?
3
What is the hundreds digit of 559566?
5
What is the thousands digit of 1201142?
1
What is the millions digit of 6083126?
6
What is the units digit of 1043072?
2
What is the millions digit of 1110625?
1
What is the hundred thousands digit of 3983436?
9
What is the thousands digit of 20395223?
5
What is the thousands digit of 2973139?
3
What is the units digit of 196183?
3
What is the units digit of 89583?
3
What is the tens digit of 32995143?
4
What is the tens digit of 687923?
2
What is the thousands digit of 77963?
7
What is the thousands digit of 7619922?
9
What is the tens digit of 10074068?
6
What is the hundreds digit of 95466?
4
What is the tens digit of 133518?
1
What is the hundreds digit of 557537?
5
What is the hundred thousands digit of 200074?
2
What is the tens digit of 87141?
4
What is the millions digit of 7328284?
7
What is the thousands digit of 26738753?
8
What is the tens digit of 2386025?
2
What is the hundreds digit of 18269?
2
What is the thousands digit of 8718772?
8
What is the units digit of 1329426?
6
What is the millions digit of 7925484?
7
What is the tens digit of 11221?
2
What is the thousands digit of 248486?
8
What is the units digit of 9210312?
2
What is the hundred thousands digit of 148686?
1
What is the hundreds digit of 844555?
5
What is the hundred thousands digit of 908328?
9
What is the thousands digit of 8505786?
5
What is the tens digit of 64945?
4
What is the ten thousands digit of 7838410?
3
What is the hundreds digit of 537260?
2
What is the ten thousands digit of 768583?
6
What is the ten thousands digit of 2247147?
4
What is the thousands digit of 11673270?
3
What is the ten thousands digit of 382872?
8
What is the hundred thousands digit of 5063127?
0
What is the units digit of 37712606?
6
What is the tens digit of 56293?
9
What is the hundred thousands digit of 298795?
2
What is the tens digit of 591414?
1
What is the tens digit of 6338033?
3
What is the millions digit of 2722878?
2
What is the ten millions digit of 17778153?
1
What is the hundreds digit of 299603?
6
What is the thousands digit of 138455?
8
What is the tens digit of 2355295?
9
What is the hundreds digit of 50448?
4
What is the ten thousands digit of 12480991?
8
What is the units digit of 3454574?
4
What is the hundred thousands digit of 297922?
2
What is the millions digit of 13832268?
3
What is the units digit of 454938?
8
What is the hundred thousands digit of 470533?
4
What is the thousands digit of 974828?
4
What is the tens digit of 16635122?
2
What is the thousands digit of 523953?
3
What is the hundred thousands digit of 405009?
4
What is the units digit of 111992?
2
What is the units digit of 744384?
4
What is the units digit of 9120?
0
What is the units digit of 456828?
8
What is the thousands digit of 8336131?
6
What is the thousands digit of 2694030?
4
What is the units digit of 105574?
4
What is the ten thousands digit of 1766768?
6
What is the ten thousands digit of 2406270?
0
What is the thousands digit of 85053?
5
What is the thousands digit of 11557097?
7
What is the hundreds digit of 216375?
3
What is the thousands digit of 7523830?
3
What is the ten thousands digit of 16751135?
5
What is the tens digit of 645929?
2
What is the hundreds digit of 263099?
0
What is the thousands digit of 148773?
8
What is the hundreds digit of 978701?
7
What is the ten thousands digit of 228207?
2
What is the hundreds digit of 4188593?
5
What is the tens digit of 9605353?
5
What is the thousands digit of 2475401?
5
What is the units digit of 225200?
0
What is the millions digit of 13555368?
3
What is the thousands digit of 10762378?
2
What is the thousands digit of 8423667?
3
What is the ten thousands digit of 269163?
6
What is the tens digit of 6822680?
8
What is the millions digit of 4746071?
4
What is the hundreds digit of 2943987?
9
What is the units digit of 15926463?
3
What is the millions digit of 1749986?
1
What is the ten thousands digit of 1154957?
5
What is the hundreds digit of 1355947?
9
What is the units digit of 527129?
9
What is the tens digit of 12784589?
8
What is the units digit of 3434334?
4
What is the hundreds digit of 1548535?
5
What is the hundred 